d by 95.
78
Calculate the remainder when 57965 is divided by 1806.
173
Calculate the remainder when 253254 is divided by 213.
210
What is the remainder when 35098 is divided by 1847?
5
Calculate the remainder when 56746 is divided by 964.
834
What is the remainder when 46374 is divided by 200?
174
Calculate the remainder when 11287 is divided by 1406.
39
What is the remainder when 3045699 is divided by 70?
69
What is the remainder when 4920 is divided by 84?
48
What is the remainder when 34728 is divided by 263?
12
What is the remainder when 5392 is divided by 2696?
0
Calculate the remainder when 167 is divided by 43.
38
Calculate the remainder when 7137 is divided by 2307.
216
What is the remainder when 26546 is divided by 541?
37
Calculate the remainder when 126913 is divided by 26.
7
What is the remainder when 179925 is divided by 168?
165
Calculate the remainder when 193612 is divided by 61.
59
What is the remainder when 7136774 is divided by 71?
67
Calculate the remainder when 389877 is divided by 24.
21
Calculate the remainder when 5160 is divided by 510.
60
Calculate the remainder when 1163 is divided by 207.
128
Calculate the remainder when 186617 is divided by 301.
298
What is the remainder when 2426 is divided by 114?
32
What is the remainder when 8129 is divided by 1517?
544
What is the remainder when 6181 is divided by 1011?
115
What is the remainder when 5420 is divided by 91?
51
Calculate the remainder when 14633 is divided by 54.
53
What is the remainder when 31344 is divided by 28?
12
What is the remainder when 62553 is divided by 12?
9
What is the remainder when 287612 is divided by 2591?
11
What is the remainder when 6293 is divided by 3006?
281
What is the remainder when 44318 is divided by 41?
38
What is the remainder when 71986 is divided by 11996?
10
What is the remainder when 14699 is divided by 196?
195
What is the remainder when 1293 is divided by 270?
213
What is the remainder when 19678 is divided by 40?
38
Calculate the remainder when 653 is divided by 563.
90
Calculate the remainder when 984 is divided by 336.
312
What is the remainder when 4578 is divided by 88?
2
What is the remainder when 2240 is divided by 563?
551
What is the remainder when 964 is divided by 402?
160
What is the remainder when 8136397 is divided by 49?
45
Calculate the remainder when 213836 is divided by 540.
536
What is the remainder when 99968 is divided by 136?
8
Calculate the remainder when 176717 is divided by 235.
232
Calculate the remainder when 2354 is divided by 653.
395
Calculate the remainder when 81571 is divided by 106.
57
What is the remainder when 36113 is divided by 11373?
1994
What is the remainder when 14784 is divided by 543?
123
What is the remainder when 20752 is divided by 5171?
68
What is the remainder when 1605076 is divided by 467?
464
What is the remainder when 31954 is divided by 42?
34
What is the remainder when 87404 is divided by 319?
317
Calculate the remainder when 18443 is divided by 110.
73
Calculate the remainder when 62676 is divided by 950.
926
Calculate the remainder when 70622 is divided by 35311.
0
What is the remainder when 419861 is divided by 153?
29
What is the remainder when 38408 is divided by 2908?
604
Calculate the remainder when 28092 is divided by 64.
60
Calculate the remainder when 15783 is divided by 21.
12
Calculate the remainder when 102309 is divided by 84.
81
What is the remainder when 21055 is divided by 274?
231
Calculate the remainder when 11381 is divided by 42.
41
What is the remainder when 16055 is divided by 25?
5
Calculate the remainder when 1951040 is divided by 276.
272
Calculate the remainder when 12804 is divided by 173.
2
Calculate the remainder when 67164 is divided by 9593.
13
Calculate the remainder when 48846 is divided by 183.
168
Calculate the remainder when 16442 is divided by 5477.
11
What is the remainder when 7954 is divided by 244?
146
What is the remainder when 10806190 is divided by 1212?
1210
What is the remainder when 12317 is divided by 4087?
56
Calculate the remainder when 185605 is divided by 23.
18
Calculate the remainder when 383 is divided by 102.
77
What is the remainder when 2857 is divided by 946?
19
What is the remainder when 813358 is divided by 631?
630
Calculate the remainder when 138941 is divided by 59.
55
What is the remainder when 56898 is divided by 33?
6
What is the remainder when 8823 is divided by 40?
23
What is the remainder when 6429 is divided by 1274?
59
What is the remainder when 32781 is divided by 13?
8
What is the remainder when 7511 is divided by 3755?
1
Calculate the remainder when 805547 is divided by 25.
22
What is the remainder when 3694 is divided by 31?
5
Calculate the remainder when 708 is divided by 191.
135
What is the remainder when 40595 is divided by 347?
343
What is the remainder when 2163 is divided by 719?
6
What is the remainder when 1554 is divided by 118?
20
What is the remainder when 2660596 is divided by 6?
4
What is the remainder when 275 is divided by 72?
59
What is the remainder when 1165722 is divided by 16?
10
What is the remainder when 5047 is divided by 109?
33
What is the remainder when 53998 is divided by 16?
14
What is the remainder when 59471 is divided by 59460?
11
Calculate the remainder when 6464 is divided by 1302.
1256
What is the remainder when 239 is divided by 11?
8
Calculate the remainder when 28571 is divided by 31.
20
Calculate the remainder when 70983 is divided by 152.
151
Calculate the remainder when 3556198 is divided by 24.
22
Calculate the remainder when 26840 is divided by 34.
14
Calculate the remainder when 3749 is divided by 240.
149
Calculate the remainder when 42965 is divided by 352.
21
What is the remainder when 47939 is divided by 2084?
7
What is the remainder when 4174 is divided by 2028?
118
What is the remainder when 5896 is divided by 1433?
164
Calculate the remainder when 9338 is divided by 2887.
677
What is the remainder when 12638 is divided by 108?
2
What is the remainder when 5005 is divided by 1633?
106
What is the remainder when 87012 is divided by 63?
9
Calculate the remainder when 185724 is divided by 2579.
36
Calculate the remainder when 187205 is divided by 807.
788
What is the remainder when 12339 is divided by 76?
27
Calculate the remainder when 8806 is divided by 365.
46
What is the remainder when 11162 is divided by 3718?
8
What is the remainder when 16915 is divided by 445?
5
Calculate the remainder when 25244 is divided by 2521.
34
Calculate the remainder when 355255 is divided by 1225.
5
Calculate the remainder when 7245 is divided by 3571.
103
What is the remainder when 4230 is divided by 884?
694
Calculate the remainder when 82994 is divided by 318.
314
Calculate the remainder when 1898005 is divided by 22.
21
What is the remainder when 4220 is divided by 1400?
20
Calculate the remainder when 12130 is divided by 42.
34
Calculate the remainder when 55707 is divided by 149.
130
What is the remainder when 149057 is divided by 73?
64
Calculate the remainder when 54645 is divided by 9.
6
Calculate the remainder when 14259 is divided by 7006.
247
What is the remainder when 7508 is divided by 7424?
84
What is the remainder when 17599 is divided by 57?
43
What is the remainder when 11546 is divided by 3?
2
Calculate the remainder when 253324 is divided by 167.
152
What is the remainder when 20695 is divided by 14?
3
What is the remainder when 300 is divided by 267?
33
Calculate the remainder when 179809 is divided by 3908.
41
What is the remainder when 57879 is divided by 40?
39
What is the remainder when 9470 is divided by 1778?
580
What is the remainder when 32213 is divided by 39?
38
What is the remainder when 68549 is divided by 13?
0
Calculate the remainder when 1643 is divided by 83.
66
Calculate the remainder when 8772 is divided by 13.
10
What is the remainder when 2586 is divided by 747?
345
What is the remainder when 126428 is divided by 470?
468
What is the remainder when 5881 is divided by 347?
329
Calculate the remainder when 547 is divided by 277.
270
What is the remainder when 41234 is divided by 1031?
1025
What is the remainder when 1797 is divided by 46?
3
Calculate the remainder when 38849 is divided by 427.
419
What is the remainder when